False
Suppose -170 = -4*l + 3*l. Does 8 divide l/7 - (-4)/(-14)?
True
Suppose 3*b - 53 = 8*b + 2*a, b - a + 5 = 0. Let j be (-2)/(2*1/2). Let y = j - b. Is y a multiple of 7?
True
Suppose -4*m + 13 = 5*k + 44, 0 = -m - k - 7. Let b be (0 + 12)/(6/4). Let a = b + m. Does 2 divide a?
True
Suppose -2*g = -g - 15. Suppose -3*d - g = 2*d. Is 8 a factor of -3*1/d + 15?
True
Suppose -136 - 54 = -5*r. Is 10 a factor of r?
False
Suppose 33*a = 32*a + 91. Is a a multiple of 9?
False
Suppose 26*w = 22*w + 104. Is 26 a factor of w?
True
Let g = -13 + 3. Let b = 36 + g. Does 13 divide b?
True
Let r be 7 - (-6)/(-3) - 3. Suppose -3*n - 2*n + j + 1 = 0, 0 = -r*n - 3*j - 3. Suppose -2*s = -n*s - 34. Does 10 divide s?
False
Let x(q) = -11*q - 5. Let l be x(-5). Suppose -5*c + 3*w + 0 = 34, 5*w + l = -5*c. Is 3 a factor of (6/(-8))/(1/c)?
True
Let m = 8 - 12. Let s(p) = 2*p - p + p**2 + 0 + 2. Is 14 a factor of s(m)?
True
Let j(v) = -v**2 - 5. Let s be j(0). Let b(l) be the second derivative of -l**4/12 - 3*l**3/2 + 7*l**2/2 - 22*l. Is b(s) a multiple of 9?
True
Is (-4)/12 - 266/(-6) a multiple of 11?
True
Suppose -3*j + 3*p + 21 = 0, -2*j + 0*j - 3*p + 34 = 0. Let n = j + 31. Does 13 divide n?
False
Let f(c) = 14*c**2 + 2*c + 4. Let t be f(3). Suppose -4*a = -0*a - t. Is a a multiple of 17?
True
Suppose 5*g + v - 1022 = 0, -3*g + 624 = -0*v - 3*v. Suppose 37 - g = -6*x. Is x a multiple of 7?
True
Suppose 105 = 5*p + 5*m - 4*m, -3*p - m = -65. Does 4 divide p?
True
Suppose 0*w = 4*w - 8. Suppose -14 = -w*j + j. Is j a multiple of 14?
True
Let u(a) = -a**3 - 6*a**2 + 2*a + 9. Does 9 divide u(-7)?
False
Let d(t) = -3*t**3 + 2*t + 1 + 4*t - t**2 - 4*t. Is 12 a factor of d(-2)?
False
Let s = -4 - -9. Suppose 0 = c + 3*b - 219, 5*c - 1657 = -4*b - 584. Suppose -p + 118 = s*l - 103, -3*p + c = 5*l. Is 15 a factor of l?
True
Let l(h) = h - 1. Let r(q) = -4*q - 5. Let v(i) = -6*l(i) + r(i). Is v(-1) a multiple of 11?
True
Let z = 56 + 5. Is z a multiple of 24?
False
Suppose 3*n - 6 = j, -3*j + 4*n = -n + 10. Let f = 104 - 36. Suppose 2*d + 2*d - f = j. Is 17 a factor of d?
True
Let h(d) = -d**2 + d - 1. Let b be h(-4). Does 12 divide (24/b - -2)*28?
True
Suppose -1251 = -5*z - 226. Is z a multiple of 33?
False
Let g be 5/(-2) + 3/6. Let n = 2 + g. Suppose n = -5*h + 46 + 24. Does 5 divide h?
False
Let h(i) be the first derivative of 4*i**3/3 + i**2/2 - 1. Let z be h(4). Suppose n - 84 = -4*o + z, 2*o = 5*n + 76. Does 17 divide o?
False
Suppose -q + 314 = 45. Is 21 a factor of q?
False
Suppose 4*h - 78 = 174. Does 5 divide h?
False
Suppose -l - 35 = -2*l. Suppose -4*f = l - 143. Is 13 a factor of f?
False
Let y = 3 + 3. Suppose 4*n - y = 10. Suppose -10 + 114 = n*o. Is 13 a factor of o?
True
Suppose 3*i = 5*a - 101, 3*a + 5*i = 17 + 30. Is 17 a factor of a?
False
Let c(n) = -n**3 - 6*n**2 - 6*n + 6. Let z be (-2 + (-12)/(-3))*2. Suppose -3*t = -5*r - 19, 4*r - z*t = 1 - 13. Is c(r) a multiple of 5?
False
Let n(a) = 2*a**3 + a - 1. Let o be n(1). Suppose -5*x - 19 = -2*p - o*x, 5*x - 5 = 0. Suppose 5*g = -5*h + 105, h - p = -2*g + 30. Is 8 a factor of g?
False
Let i be (3 - -4)*(-12)/14. Is (76/i)/((-1)/3) a multiple of 19?
True
Let m be (0 - (-1 + 4)) + 3. Suppose m = -3*k + 58 + 14. Is 12 a factor of k?
True
Suppose 0 = -147*g + 142*g + 225. Is g a multiple of 2?
False
Suppose 0 = 5*y - 2*s - 27, -4*y - 3*s + 12 = -y. Suppose -a + 5*a - 5*g = 196, 5*a = -g + 216. Suppose -a = p - 5*p - 5*v, y*v = -5*p + 50. Does 3 divide p?
True
Suppose 0 = 3*k + o - 563, -5*k + 3*o + 9 = -906. Does 4 divide (-6)/4 - k/(-12)?
False
Let v(x) = -3*x. Let c be v(5). Let b = -25 - c. Let w = 7 - b. Does 5 divide w?
False
Suppose 0 = -0*v + 2*v + 2*f - 2, -3*f - 11 = -4*v. Suppose -v*s - 39 = -3*s. Suppose -5*b - 14 = -s. Does 2 divide b?
False
Let m = 13 + 95. Suppose 4*p = 3*z + m, -2*p - p - 3*z = -81. Does 9 divide p?
True
Suppose -80 = -3*l - l. Suppose 2*t + 0*t - l = 0. Does 10 divide t?
True
Let a be (-4)/30 - (-5674)/30. Suppose -r + a = 4*z, 0 = -z - 3*z + 4*r + 204. Is z a multiple of 12?
True
Suppose -5*j + 707 + 163 = -v, -5*v + 900 = 5*j. Is j a multiple of 25?
True
Let t be -1 + (7 - (-3)/(-3)). Suppose -t*z + 11 = -4. Suppose -z*q + 81 = 24. Is q a multiple of 19?
True
Let z = 1 - -1. Let i(u) = -5*u**2 + 3*u**z - 3*u + 3 + 3*u**2. Is 2 a factor of i(3)?
False
Let v be (12/18)/(1/3). Let k(s) = 0 - s**2 + 4 - 5 + 6*s**v - s. Is 6 a factor of k(2)?
False
Suppose -2*h + 4*q + 408 = 2*q, 0 = -4*h - q + 811. Suppose 5*n - 4*u - h = 0, u + 0*u + 119 = 3*n. Does 13 divide n?
True
Let h be (-6)/9 - 4/(-6). Suppose s + h*s = 5. Is s a multiple of 2?
False
Let j = 20 + -8. Let s = j - 10. Is 2 a factor of s?
True
Suppose 22 = 5*n - 3*x, -n - 14 = -3*x + 7*x. Suppose -4 - 2 = 2*o, -o + 13 = n*a. Is a a multiple of 4?
True
Let h(y) = -6*y**3 + 3*y**2 - y + 1. Let r be h(2). Let z = -68 - r. Let d = 12 - z. Does 26 divide d?
False
Suppose -584 = -4*l + 4*m, m + m - 292 = -2*l. Is 14 a factor of l?
False
Let n = 3 + 4. Suppose -3*l + 4*o - 5 = 0, -n - 8 = -2*l - o. Suppose l*z - 100 = -0*z. Is z a multiple of 7?
False
Suppose 2*w + 13 = 53. Is 77/5 + (-8)/w a multiple of 8?
False
Suppose 48 = 2*j - 2*u + 12, 5*j + 2*u = 55. Is (1 - (-1 + 1))*j a multiple of 5?
False
Let j(i) be the first derivative of 2*i**3/3 + 5*i**2/2 - 4*i + 6. Does 7 divide j(-5)?
True
Let g be 11/2 - 3/(-6). Suppose -2*f - 6 = 2*q, -6*q + q + 2*f + g = 0. Suppose -x = 3*d + 4*x - 17, q = 5*d + 2*x - 41. Does 9 divide d?
True
Suppose 0 = 2*c - 0*c - 58. Is c a multiple of 12?
False
Let m(w) = -w**3 + 3*w**2 + 4*w + 2. Let d be m(4). Is 8 - 0 - (-3 + d) a multiple of 5?
False
Let q(t) = t**3 - t - 2. Suppose -3*u + 3 = -3. Let j be q(u). Suppose 3*a - 2 = -3*f + 31, a + 44 = j*f. Is f a multiple of 10?
False
Suppose -2*y = 2*y - 12. Let x(s) = -s**2 - 8*s - 2. Let l be x(-7). Suppose l*k - 10 = y*k. Is 2 a factor of k?
False
Let h = 257 - -208. Is h a multiple of 68?
False
Let g = 94 + 14. Is 27 a factor of g?
True
Let m(x) = x**3 + 8*x**2 + 6*x - 5. Let k be m(-7). Does 10 divide k - (-3)/(-6)*-46?
False
Let t(y) = -y**2 + 8*y - 1. Let r be t(7). Let p be (76/r)/(2/3). Suppose 0 = 3*i - 0*i - h - p, -5*h - 15 = i. Is i even?
False
Suppose -9 = -x - 3*n, -7*n = 2*x - 3*n - 24. Is x a multiple of 9?
True
Let w be (-1506)/(-21) + 2/7. Suppose 2*g = -2*g + w. Does 15 divide g?
False
Let y = 2 - -2. Suppose -y*u - 12 = -u. Let k(n) = n**2 + 2*n - 4. Is k(u) a multiple of 3?
False
Let r(o) = 2*o**2 + 1. Let x be r(-2). Let l = -43 - -62. Suppose -g + l = -x. Is 10 a factor of g?
False
Let j be ((-86)/(-4))/((-4)/(-8)). Let g = 71 - j. Does 17 divide g?
False
Suppose -f - 4 = 0, 2*h - 8*f = -3*f + 266. Suppose -5*z = -25, -5*k - z - h + 393 = 0. Is k a multiple of 10?
False
Let g be 640/45 - 6/27. Suppose g = 2*o + 5*w - 19, -5*w = 3*o - 52. Does 19 divide o?
True
Let b(t) = -t**3 + 6*t**2 - 4*t. Let y be b(5). Suppose 5*q + y*d = 45, 8*q - 3*q - 95 = 5*d. Is q a multiple of 13?
False
Suppose -48*l - 132 = -51*l. Is 11 a factor of l?
True
Let s be 6/4*4/3. Suppose -s*x = x + 9. Does 6 divide 4/(x/18*-2)?
True
Let k be -27*(-4 + 16/6). Is 18 a factor of -1 + -2 - k*-1?
False
Let l(w) = w**3 - 15*w**2 + 21*w - 4. Does 17 divide l(14)?
False
Let r = 46 + -12. Let c = r - 58. Is 3 a factor of (9/4)/((-9)/c)?
True
Let a(m) = -m + 11. Let c be a(8). Suppose 11 = c*b + 2. Does 3 divide b?
True
Let o = 113 - -35. Is 37 a factor of o?
True
Let q(g) = g**3 + 8*g**2 + 4*g - 4. Let o be q(-5). Suppose -w = 2*w - o. Does 17 divide w?
True
Suppose -4*f + 24 = -4*p, -p - 4*f + 4 = -0*p. Is 11 a factor of (232/(-12))/(p/6)?
False
Let u(b) = 2*b**2 - 3*b - 8. Does 23 divide u(6)?
True
Let g be 50/(-13) - 8/52. Let h(r) = -2*r**2 - 5*r - 2. Let x be h(g). Let a = x - -25. Is a a multiple of 4?
False
Let s = -7 - -6. Let i(l) = -13*l**3 - l**2 + l + 1. Let q be i(s). Let d = q + -7. Does 5 divide d?
True
Suppose 0 = -3*p + p - 12. Let h be (-6 + -24)*p/(-5). Let q = -26 - h. Is 4 a factor of q?
False
Let c = -96 + 186. Does 14 divide c?
False
Let m be 5/15 + 17/3. Does 14 divide (-35)/(4 - 27/m)?
True
Suppose -w - 4*w = -5. Let g(n) = -6*n. Let h be g(w). Let f(l) = l**3 + 7*l**2 + 2*l - 7. Does 9 divide f(h)?
False
Let f(l) = -l**3 - 7